k) = -3*k**3 + 7*k**2 + 18*k + 11. What is the units digit of i(-5)?
1
Let x(v) = -5*v - 27. Let n be x(-4). Let f(r) = 2*r - 5*r - 7 - 2. What is the tens digit of f(n)?
1
Let v(q) = 13*q + 21. What is the hundreds digit of v(23)?
3
Let k(w) = -3*w**3 - 14*w**2 - 7*w - 8. What is the hundreds digit of k(-9)?
1
Let p(n) = 8*n - 7*n**2 + n**2 + n + 5*n**2 - 2. Let x be p(8). What is the tens digit of 3 + -3 + x*3?
1
Let i(g) = g**2 + 16*g - 13. Let p be i(-17). Suppose -2*v + 25 = -3*n, v = -p*n - 27 + 67. Suppose -v = -0*h - h. What is the units digit of h?
0
Suppose 3*n - 50 + 13 = -f, -5*f + 95 = -3*n. Let r = -21 + f. What is the units digit of r?
1
Let n be ((-144)/(-28))/(2/14). Suppose 4*u - n = 2*u. Let g = u - -14. What is the tens digit of g?
3
Let r be 3 + 3/(0 - -3). Let k = -2 + r. Let s = k - 0. What is the units digit of s?
2
Let s = -34 + 38. Suppose 4*k - 28 = -s*c + 56, 4*c + 1 = k. Suppose -28 = -19*j + k*j. What is the units digit of j?
4
Let o(x) = -201*x**3 + 2*x**2 + 2*x + 1. Let d be o(-1). Suppose 0*f + d = 2*f. What is the tens digit of f?
0
Suppose 0 = 2*w - w - r + 82, 3*r + 174 = -2*w. Let y = -8 - w. What is the tens digit of y?
7
Let r(d) = 5*d**2 - 1. Let a be r(-1). Suppose -a*j = 3*h - 0*h - 154, 3*h + 2*j = 164. What is the units digit of h?
8
Suppose -1936*y = -1942*y + 13404. What is the thousands digit of y?
2
Let g(d) = d**3 - 15*d**2 + 14*d + 19. Let a be g(14). Suppose -x + a = 3*u - 3*x, 56 = 4*u + 5*x. What is the units digit of u?
9
Let d be 3 + 12 + (1 - -2 - 4). Suppose 13*j + 26 = d*j. What is the tens digit of j?
2
Let r(b) = 5 + 0 + 0 - 4*b. Let u be r(5). What is the units digit of 0 + (3 - (2 + u))?
6
Let c = 2 + 79. Suppose 73 + 37 = -2*w. Let b = w + c. What is the tens digit of b?
2
Let n(u) = -u**3 - 3*u**2 + 3*u - 4. Let a be n(-4). Let j(y) = -y + 170. What is the hundreds digit of j(a)?
1
Let x(f) = 39*f**2 - 8*f + 89. What is the tens digit of x(10)?
0
Let x(a) = -a - 10. Let p be x(-10). What is the tens digit of 31*(p - -1)*1?
3
Suppose -17*h - w = -15*h - 4025, 4*w + 1990 = h. What is the thousands digit of h?
2
Let o = -17 + 22. Suppose 20 = -o*c, -2*f - 2*c - 239 = -5*f. What is the tens digit of f?
7
Suppose -6*f = -2*f - 12. Suppose -1 = s, -f*s = -4*q + s + 196. What is the tens digit of q?
4
Let j = -20 + 14. Let z be (-10)/(-4*(-3)/j). Suppose z*q - 6 = 114. What is the tens digit of q?
2
Let b(d) = 7*d - 21. Let f be (10 + -8)*(-2)/3*-3. What is the units digit of b(f)?
7
Let y(c) = 3*c**2 - 20*c + 3. Suppose 4*o + 5*b + 7 - 63 = 0, -2*o - 4*b = -34. What is the units digit of y(o)?
6
Suppose 3*b - 984 = -3*w, b + 36*w = 33*w + 328. What is the hundreds digit of b?
3
Suppose -3*o + g + 311 = 0, o + 0*o + 3*g = 97. What is the tens digit of o?
0
Suppose -6*a + 132 + 690 = 0. What is the tens digit of a?
3
Let s(b) = b**3 - 7*b**2 - b + 10. Let j be s(7). Let p be j - (0 + -4 + 2). Suppose 0 = -p*o + 342 - 17. What is the tens digit of o?
6
Let d = -88 - -88. What is the units digit of d + 327 + (2 - (-3 + 4))?
8
Let k = -52 + 62. Suppose 8*j + 60 = k*j. What is the units digit of j?
0
Suppose 7*i - i - 6357 = -c, 2*i = 4*c + 2106. What is the thousands digit of i?
1
Let o = 859 - -118. What is the tens digit of o?
7
Let a = 112 + -108. Let g be (-2)/(-6) + (-141)/(-9). Let f = a + g. What is the units digit of f?
0
Let y(h) = -51*h - 146. What is the tens digit of y(-17)?
2
Let v be (-15)/(-21) + (-2)/(-7). What is the tens digit of (-5)/5*v + 48?
4
Let c(l) = -529*l - 499. What is the thousands digit of c(-5)?
2
Let d(r) = -33*r**2 - 1. Let z be d(3). Suppose -4*v + 3*a + 72 = 0, -a + 90 = 5*v - 0*a. What is the units digit of v/(-63) - z/14?
1
Suppose 22*n + 18*n - 45480 = 0. What is the units digit of n?
7
What is the thousands digit of 4124 + (-25)/15*3?
4
Let r(v) = v**3 + v**2 + v. Let i be r(-2). What is the units digit of ((-504)/6)/(9/i)?
6
Let p = 249 + 270. What is the hundreds digit of p?
5
What is the units digit of (6/15)/(10/29950)?
8
Suppose 0*t - 4*t = -2*a + 42, 0 = -5*t + 5*a - 60. Let k(l) = -l**3 - 8*l**2 + 10*l + 12. What is the units digit of k(t)?
3
Let g = 591 - 43. Suppose 3*j - g = 5*l, -2*j + 240 + 157 = 3*l. What is the tens digit of j?
9
Let i be 14/3*63/6. Let b = i + -13. What is the units digit of b?
6
What is the units digit of 4/28 - 68904/(-28)?
1
Let b = 18 - 12. Suppose -3*i + i = -b. What is the units digit of i/((15/(-22))/(-5))?
2
Suppose -2*p + w = p - 128, w + 170 = 4*p. Let z be 6/(-4)*(-28)/p. Suppose 0 = 5*q + 3*j - 90, j + z = -3*q + 51. What is the units digit of q?
5
Suppose 5*j - 5*q - 5 - 5 = 0, 4*j + 4*q + 8 = 0. Suppose -w - 3*i + 68 = j, -152 = -2*w + i - 16. What is the tens digit of w?
6
Let n be 19 + 2 + -1 + 2. Suppose 2*d + n = 2*u + u, 2 = -2*u - 2*d. Suppose u*q - 10 = 14. What is the units digit of q?
6
Let q = -1621 + 2851. Suppose -5*a + q = -0*a. What is the tens digit of a?
4
Let p = 298 - 144. What is the hundreds digit of p?
1
Suppose 5*k + 29 = m, 4*m = 3*m - 2*k + 1. Let p(w) = 3*w + 9 + 5*w - m*w. What is the units digit of p(0)?
9
Let j = 1830 - 1027. What is the units digit of j?
3
Let m = 2159 - 1497. What is the units digit of m?
2
Let k = 1633 + -419. What is the thousands digit of k?
1
Let r = -438 - -720. What is the units digit of r?
2
Let i(x) = -4*x**3 - 18*x**2 + 14*x + 30. What is the units digit of i(-9)?
2
Let b be 54/12*(-8)/3. Let t = 104 - b. What is the units digit of t?
6
Suppose -47*v = 2421 - 82086. What is the thousands digit of v?
1
Let r(f) = 2*f + 2*f**3 - 100 + 98 - 5*f**2 + 3*f. What is the units digit of r(4)?
6
Let h(q) = -9 + 6*q**2 - 3*q + 10*q + 20. Let f(i) = -5*i**2 - 8*i - 11. Let o(w) = 5*f(w) + 4*h(w). What is the units digit of o(-10)?
9
Let d(w) = w**2 - 4*w - 16. Let u be d(7). Suppose j + j - u*t = 131, -4*t - 319 = -5*j. What is the tens digit of j?
6
Let n = 10 - 10. Suppose -6*c - 210 = -n*c. Let h = -17 - c. What is the units digit of h?
8
Let q = 212 - 59. What is the units digit of q/18*4/2?
7
Suppose -3*l - 2*z = 3*z + 149, l = -3*z - 51. Let t = -440 - -513. Let v = l + t. What is the tens digit of v?
2
Let x(w) = w - 83. Let v = -34 + 34. Let z be x(v). Let r = z + 132. What is the tens digit of r?
4
Suppose 2*g - 9032 = -5*u, -80*u + 3*g + 1803 = -79*u. What is the hundreds digit of u?
8
Suppose 5*n - 4*n + 3*r + 48 = 0, 5*n = -4*r - 218. Let s = n - -44. What is the units digit of s?
2
Suppose 10542 - 71302 = -14*h. What is the tens digit of h?
4
Let z = 86 + -21. Suppose -w = -6*w + z. What is the units digit of (w/(-3))/(1/(-9))?
9
Let f be 1/((-2)/(1 + 7)). Let h be (-378)/(-91) - f/(-26). Suppose -5*g - h*z + 14 = -42, -3*g + 12 = -3*z. What is the units digit of g?
8
Suppose 2*g = -248 + 48. What is the units digit of 3/(3 + g/34)?
1
What is the tens digit of 5870/20 + 20/8?
9
Let h be -3*(0/1 - 27/3). Suppose -h = -9*o + 432. What is the tens digit of o?
5
Suppose 5*k - 9 = 1. Suppose -u = k*u - 4*n - 232, n + 153 = 2*u. What is the tens digit of u?
7
Let l(c) = 11*c + 9. Let k(x) = -23*x - 18. Let d(a) = -3*k(a) - 7*l(a). Let z = 312 + -315. What is the units digit of d(z)?
5
Let w be -17*(1/3)/((-11)/33). Suppose 5*h = w*h - 2784. What is the units digit of h?
2
Let m(z) = z**2 + 3*z - 6. Let f be m(-4). Let o be ((-33)/(-15) + f)*5. Suppose -14 = -3*i + o. What is the units digit of i?
5
Let k(g) = 3*g**2 + 17*g + 40. What is the units digit of k(-3)?
6
Let t(u) = 4*u**2 + 87*u - 103. What is the tens digit of t(-31)?
4
Suppose i = 3*i - 3*s - 32, 32 = 2*i - 5*s. What is the units digit of -2 + i/1 + -5?
9
Let u = 45 - 36. What is the units digit of u?
9
Suppose -10*s = -9*s + p - 97, -s + 4*p = -77. What is the tens digit of s?
9
Let x = 45 - 35. Suppose -p = -0*g + 3*g - x, 2*g = -5*p + 24. What is the units digit of g?
2
Suppose 6 = 4*n - n. Suppose 0 = -t + n*t - 652. What is the tens digit of 2/(-12) - t/(-24)?
2
Let c(b) be the third derivative of -b**4/8 - 8*b**3/3 + 2*b**2. Suppose -r + 13 = -8*f + 7*f, 0 = -5*r + 15. What is the tens digit of c(f)?
1
What is the units digit of -10 + (-114)/(-12) + (-5874)/(-4)?
8
Let v be (-2 + 3)*2*1. Suppose 2*h + 2 = v*y, y = -2 - 0. What is the units digit of h - 4/(-2) - -5?
4
Let f be (9 - 18)*